{"id":2462,"date":"2022-10-18T18:44:25","date_gmt":"2022-10-18T16:44:25","guid":{"rendered":"http:\/\/gydziungnorbu.org.pl\/?page_id=2462"},"modified":"2024-12-24T15:54:55","modified_gmt":"2024-12-24T14:54:55","slug":"donacje","status":"publish","type":"page","link":"https:\/\/gydziungnorbu.org.pl\/index.php\/donacje\/","title":{"rendered":"Donacje"},"content":{"rendered":"\t\t<div data-elementor-type=\"wp-page\" data-elementor-id=\"2462\" class=\"elementor elementor-2462\">\n\t\t\t\t\t\t<section class=\"elementor-section elementor-top-section elementor-element elementor-element-1def9e27 elementor-section-boxed elementor-section-height-default elementor-section-height-default\" data-id=\"1def9e27\" data-element_type=\"section\" data-e-type=\"section\">\n\t\t\t\t\t\t<div class=\"elementor-container elementor-column-gap-default\">\n\t\t\t\t\t<div class=\"elementor-column elementor-col-100 elementor-top-column elementor-element elementor-element-32ded744\" data-id=\"32ded744\" data-element_type=\"column\" data-e-type=\"column\">\n\t\t\t<div class=\"elementor-widget-wrap elementor-element-populated\">\n\t\t\t\t\t\t<div class=\"elementor-element elementor-element-5c237ac5 elementor-widget elementor-widget-text-editor\" data-id=\"5c237ac5\" data-element_type=\"widget\" data-e-type=\"widget\" data-widget_type=\"text-editor.default\">\n\t\t\t\t<div class=\"elementor-widget-container\">\n\t\t\t\t\t\t\t\t\t<h2><span style=\"vertical-align: inherit;\"><span class=\"\" style=\"vertical-align: inherit;\"><span style=\"vertical-align: inherit;\"><span style=\"vertical-align: inherit;\">Donacje na dzia\u0142alno\u015b\u0107 Gy Dziung Norbu mo\u017cna przekazywa\u0107:<\/span><\/span><\/span><\/span><\/h2>\n<p><!-- \/wp:heading --><\/p>\n<p><!-- wp:heading --><\/p>\n<p><!-- \/wp:heading --><\/p>\n<p><!-- wp:heading {\"textAlign\":\"left\"} --><\/p>\n<h3><span style=\"color: #666699;\"><span style=\"vertical-align: inherit;\"><span style=\"vertical-align: inherit;\"><span style=\"vertical-align: inherit;\"><span style=\"vertical-align: inherit;\">\u2022 Poprzez aplikacj\u0119 Twojego banku na urz\u0105dzeniu mobilnym:<\/span><\/span><\/span><\/span><\/span><\/h3>\n<p><!-- \/wp:heading --><\/p>\n<p><!-- wp:table --><\/p>\n<figure class=\"wp-block-table\">\n<table>\n<tbody>\n<tr>\n<td>\n<h4 style=\"text-align: center;\"><span style=\"color: #ff0000;\"><span style=\"vertical-align: inherit;\"><span style=\"vertical-align: inherit;\"><span style=\"vertical-align: inherit;\"><span style=\"vertical-align: inherit;\">kupuj\u0119 20 posi\u0142k\u00f3w (150PLN):<\/span><\/span><\/span><\/span><\/span><\/h4>\n<\/td>\n<td>\n<h4 style=\"text-align: center;\"><span style=\"color: #ff0000;\"><span style=\"vertical-align: inherit;\">kupuj\u0119 10 posi\u0142k\u00f3w <\/span><\/span><span style=\"color: #ff0000;\"><span style=\"vertical-align: inherit;\"><span style=\"vertical-align: inherit;\"><span style=\"vertical-align: inherit;\"><span style=\"vertical-align: inherit;\">(75PLN):<\/span><\/span><\/span><\/span><\/span><\/h4>\n<\/td>\n<td>\n<h4 style=\"text-align: center;\"><span style=\"color: #ff0000;\"><span style=\"vertical-align: inherit;\">kupuj\u0119 5 posi\u0142k\u00f3w<\/span><\/span><span style=\"color: #ff0000;\"><span style=\"vertical-align: inherit;\"><span style=\"vertical-align: inherit;\"><span style=\"vertical-align: inherit;\"><span style=\"vertical-align: inherit;\"> (37,50PLN):<\/span><\/span><\/span><\/span><\/span><\/h4>\n<\/td>\n<\/tr>\n<tr>\n<td><img fetchpriority=\"high\" decoding=\"async\" class=\"alignnone wp-image-2764 size-medium\" src=\"http:\/\/gydziungnorbu.org.pl\/wp-content\/uploads\/2019\/04\/QR-150-300x300.png\" alt=\"150 PLN\" width=\"300\" height=\"300\" srcset=\"https:\/\/gydziungnorbu.org.pl\/wp-content\/uploads\/2019\/04\/QR-150-300x300.png 300w, https:\/\/gydziungnorbu.org.pl\/wp-content\/uploads\/2019\/04\/QR-150-150x150.png 150w, https:\/\/gydziungnorbu.org.pl\/wp-content\/uploads\/2019\/04\/QR-150.png 420w\" sizes=\"(max-width: 300px) 100vw, 300px\" \/><\/td>\n<td><img decoding=\"async\" class=\"alignnone wp-image-2762 size-medium\" src=\"http:\/\/gydziungnorbu.org.pl\/wp-content\/uploads\/2019\/04\/QR-75-300x300.png\" alt=\"75 PLN\" width=\"300\" height=\"300\" srcset=\"https:\/\/gydziungnorbu.org.pl\/wp-content\/uploads\/2019\/04\/QR-75-300x300.png 300w, https:\/\/gydziungnorbu.org.pl\/wp-content\/uploads\/2019\/04\/QR-75-150x150.png 150w, https:\/\/gydziungnorbu.org.pl\/wp-content\/uploads\/2019\/04\/QR-75.png 420w\" sizes=\"(max-width: 300px) 100vw, 300px\" \/><\/td>\n<td><img decoding=\"async\" class=\"alignnone wp-image-2760 size-medium\" src=\"http:\/\/gydziungnorbu.org.pl\/wp-content\/uploads\/2019\/04\/QR-37_5-300x300.png\" alt=\"37,50 PLN\" width=\"300\" height=\"300\" srcset=\"https:\/\/gydziungnorbu.org.pl\/wp-content\/uploads\/2019\/04\/QR-37_5-300x300.png 300w, https:\/\/gydziungnorbu.org.pl\/wp-content\/uploads\/2019\/04\/QR-37_5-150x150.png 150w, https:\/\/gydziungnorbu.org.pl\/wp-content\/uploads\/2019\/04\/QR-37_5.png 420w\" sizes=\"(max-width: 300px) 100vw, 300px\" \/><\/td>\n<\/tr>\n<\/tbody>\n<\/table>\n<h3 class=\"wp-block-heading\" style=\"box-sizing: border-box; font-family: Poppins; font-weight: bold; line-height: normal !important; color: #363636; margin: 0px 0px 20px; font-size: 21px; padding: 0px; transition: all 0.3s ease-in-out 0s; font-style: normal; font-variant-caps: normal; letter-spacing: normal; orphans: auto; text-align: start; text-indent: 0px; text-transform: none; white-space: normal; widows: auto; word-spacing: 0px; -webkit-text-stroke-width: 0px; text-decoration: none;\"><span style=\"box-sizing: border-box; color: #666699;\"><span style=\"box-sizing: border-box; vertical-align: inherit;\"><span style=\"box-sizing: border-box; vertical-align: inherit;\"><span style=\"box-sizing: border-box; vertical-align: inherit;\"><span style=\"box-sizing: border-box; vertical-align: inherit;\">\u2022 Poprzez stron\u0119 <a href=\"https:\/\/patronite.pl\/GyDziungNorbu\" target=\"_blank\" rel=\"noopener\"><u>patronite.pl<\/u><\/a><\/span><\/span><\/span><\/span><\/span><\/h3>\n<h3 class=\"wp-block-heading\"><span style=\"color: #666699;\"><span style=\"vertical-align: inherit;\"><span style=\"vertical-align: inherit;\"><span style=\"vertical-align: inherit;\"><span style=\"vertical-align: inherit;\">\u2022 Bezpo\u015brednio na nasze konto:<\/span><\/span><\/span><\/span><\/span><\/h3>\n<p><!-- wp:heading --><\/p>\n<h2 class=\"wp-block-heading\"><span style=\"vertical-align: inherit;\"><span class=\"\" style=\"vertical-align: inherit;\"><span style=\"vertical-align: inherit;\"><span class=\"\" style=\"vertical-align: inherit;\">Fundacja Gy Dziung Norbu <\/span><\/span><\/span><\/span><br \/><span style=\"vertical-align: inherit;\"><span class=\"\" style=\"vertical-align: inherit;\"><span style=\"vertical-align: inherit;\"><span class=\"\" style=\"vertical-align: inherit;\">87 1140 2004 0000 3802 8257 3276<\/span><\/span><\/span><\/span><\/h2>\n<p><!-- \/wp:heading --><\/p>\n<p><!-- wp:heading --><\/p>\n<h3 class=\"wp-block-heading\"><span style=\"color: #666699;\"><span style=\"vertical-align: inherit;\"><span class=\"\" style=\"vertical-align: inherit;\"><span style=\"vertical-align: inherit;\"><span class=\"\" style=\"vertical-align: inherit;\">\u2022 Poprzez stron\u0119 \u00a0<\/span><span style=\"text-decoration: underline;\"><a href=\"https:\/\/pomagam.pl\/6wh4ac?fbclid=IwAR3u6UIkix7YVBwTzD3Gjc0EQq_YpFQszc6veTaRgqJjdE_gJyxLn12dXdk\" target=\"_blank\" rel=\"noopener\"><span style=\"vertical-align: inherit;\"><span class=\"\" style=\"vertical-align: inherit;\"><span style=\"vertical-align: inherit;\"><span class=\"\" style=\"vertical-align: inherit;\">pomagam.pl<\/span><\/span><\/span><\/span><\/a><\/span><\/span><\/span><\/span><\/span><\/h3>\n<p><!-- \/wp:heading --><\/p>\n<p><!-- wp:heading --><\/p>\n<p><!-- \/wp:heading --><\/p>\n<\/figure>\n<p><!-- \/wp:table --><\/p>\n<p><!-- wp:image {\"id\":2504,\"sizeSlug\":\"large\",\"linkDestination\":\"none\"} --><\/p>\n<figure class=\"wp-block-image size-large\"><\/figure>\n<p><!-- \/wp:image --><\/p>\t\t\t\t\t\t\t\t<\/div>\n\t\t\t\t<\/div>\n\t\t\t\t\t<\/div>\n\t\t<\/div>\n\t\t\t\t\t<\/div>\n\t\t<\/section>\n\t\t\t\t<\/div>\n\t\t","protected":false},"excerpt":{"rendered":"<p>Donacje na dzia\u0142alno\u015b\u0107 Gy Dziung Norbu mo\u017cna przekazywa\u0107: \u2022 Poprzez aplikacj\u0119 Twojego banku na urz\u0105dzeniu mobilnym: kupuj\u0119 20 posi\u0142k\u00f3w (150PLN): kupuj\u0119 10 posi\u0142k\u00f3w (75PLN): kupuj\u0119 5 posi\u0142k\u00f3w (37,50PLN): \u2022 Poprzez stron\u0119 patronite.pl \u2022 Bezpo\u015brednio na nasze konto: Fundacja Gy Dziung Norbu 87 1140 2004 0000&#8230;<\/p>\n","protected":false},"author":2,"featured_media":0,"parent":0,"menu_order":0,"comment_status":"closed","ping_status":"closed","template":"","meta":{"give_campaign_id":0,"footnotes":""},"class_list":["post-2462","page","type-page","status-publish","hentry"],"campaignId":"","_links":{"self":[{"href":"https:\/\/gydziungnorbu.org.pl\/index.php\/wp-json\/wp\/v2\/pages\/2462","targetHints":{"allow":["GET"]}}],"collection":[{"href":"https:\/\/gydziungnorbu.org.pl\/index.php\/wp-json\/wp\/v2\/pages"}],"about":[{"href":"https:\/\/gydziungnorbu.org.pl\/index.php\/wp-json\/wp\/v2\/types\/page"}],"author":[{"embeddable":true,"href":"https:\/\/gydziungnorbu.org.pl\/index.php\/wp-json\/wp\/v2\/users\/2"}],"replies":[{"embeddable":true,"href":"https:\/\/gydziungnorbu.org.pl\/index.php\/wp-json\/wp\/v2\/comments?post=2462"}],"version-history":[{"count":95,"href":"https:\/\/gydziungnorbu.org.pl\/index.php\/wp-json\/wp\/v2\/pages\/2462\/revisions"}],"predecessor-version":[{"id":2865,"href":"https:\/\/gydziungnorbu.org.pl\/index.php\/wp-json\/wp\/v2\/pages\/2462\/revisions\/2865"}],"wp:attachment":[{"href":"https:\/\/gydziungnorbu.org.pl\/index.php\/wp-json\/wp\/v2\/media?parent=2462"}],"curies":[{"name":"wp","href":"https:\/\/api.w.org\/{rel}","templated":true}]}}