{"id":396,"date":"2019-10-01T11:37:39","date_gmt":"2019-10-01T11:37:39","guid":{"rendered":"https:\/\/cdn.jevelin.shufflehound.com\/architect\/?page_id=396"},"modified":"2022-10-25T20:42:35","modified_gmt":"2022-10-25T18:42:35","slug":"home-architect","status":"publish","type":"page","link":"https:\/\/gydziungnorbu.org.pl\/","title":{"rendered":"Home &#8211; Architect"},"content":{"rendered":"<p>[vc_row full_width=&#8221;stretch_row_content_no_spaces&#8221; content_placement=&#8221;middle&#8221; column_order=&#8221;reversed&#8221; overflow=&#8221;default&#8221;][vc_column css_animation=&#8221;slideInDown&#8221; width=&#8221;1\/2&#8243; mobile_element_alignment=&#8221;center&#8221; overflow=&#8221;default&#8221; max_width=&#8221;500px&#8221; padding_tablet=&#8221;30px 30px 30px 30px&#8221; css=&#8221;.vc_custom_1570622599176{padding-right: 50px !important;padding-left: 50px !important;}&#8221;]\r\n\r\n\t<div class=\"sh-heading sh-heading-style1\" id=\"heading-fciJ0wq5lt\">\r\n\t\t<h2 class=\"sh-heading-content size-custom\">\r\n\t\t\t<\/span>\n<span style=\"text-align: left;\">Gy Dziung Norbu<\/span>\n<span>\t\t<\/h2>\r\n\t<\/div>\r\n\r\n            <style type=\"text\/css\">\r\n                @media (max-width: 1024px) {#heading-fciJ0wq5lt .sh-heading-content {font-size: 40px!important;}}#heading-fciJ0wq5lt .sh-heading-content strong,#heading-fciJ0wq5lt .sh-heading-additional-text strong {font-weight: 700!important;}#heading-fciJ0wq5lt .sh-heading-content {font-size: 54px;line-height: 140%!important;font-weight: 700!important;}            <\/style>\r\n        \r\n                            <style media=\"screen\">\r\n                    @media (max-width: 1025px) {\r\n                        .sh-empty-space-V7ctbFp61B {\r\n                            height: 30px!important;\r\n                        }\r\n                    }\r\n                <\/style>\r\n            \r\n            <div class=\"sh-empty-space vc_empty_space sh-empty-space-V7ctbFp61B  \" style=\"height: 60px\">\r\n                <span class=\"vc_empty_space_inner\"><\/span>\r\n            <\/div>\r\n\r\n        \r\n<div id=\"text-block-GnspzP5URS\" class=\"sh-text-block\">\r\n\t<\/p>\n<div class=\"xdj266r x11i5rnm xat24cr x1mh8g0r x1vvkbs\">\n<div dir=\"auto\">Nakarmi\u0107 g\u0142odnego!<\/div>\n<div dir=\"auto\">Taki pomys\u0142 zrodzi\u0142 nam si\u0119 w g\u0142owach w wyniku wielogodzinnych dyskusji o tym, co mo\u017cna zrobi\u0107 po\u017cytecznego dla innych.<\/div>\n<div dir=\"auto\">Nasz\u0105\u00a0inspiracj\u0105 s\u0105 nauki Buddy, oraz dzia\u0142ania naszych buddyjskich nauczycieli, kt\u00f3rzy daj\u0105 nam przyk\u0142ad w jaki spos\u00f3b praktykowa\u0107 wsp\u00f3\u0142czucie, szczodro\u015b\u0107, cierpliwo\u015b\u0107&#8230;<\/div>\n<\/div>\n<div class=\"x11i5rnm xat24cr x1mh8g0r x1vvkbs xtlvy1s\">\n<div dir=\"auto\">Nasz\u0105 nazw\u0119 &#8211; Gy Dziung Norbu, nada\u0142 nam, nasz nauczyciel, Drub\u0142ang Sangje Njenpa Rinpocze w 2012 r. W wolnym t\u0142umaczeniu po tybeta\u0144sku Gy Dziung Norbu znaczy Skarbnica\/Klejnot Spe\u0142niaj\u0105cy \u017byczenia.<\/div>\n<\/div>\n<p><\/div>\r\n            <style type=\"text\/css\">\r\n                #text-block-GnspzP5URS {font-size: 18px;margin: 0px 0px 15px 0px;}#text-block-GnspzP5URS a:hover,#text-block-GnspzP5URS a:focus {color: #f62433;}#text-block-GnspzP5URS .drop-cap {font-weight: bold;font-size: 50px;display: block;float: left;margin: 8px 10px 0 0;}            <\/style>\r\n        \r\n                            <style media=\"screen\">\r\n                    @media (max-width: 1025px) {\r\n                        .sh-empty-space-LHDuk6vtGj {\r\n                            height: 30px!important;\r\n                        }\r\n                    }\r\n                <\/style>\r\n            \r\n            <div class=\"sh-empty-space vc_empty_space sh-empty-space-LHDuk6vtGj  \" style=\"height: 60px\">\r\n                <span class=\"vc_empty_space_inner\"><\/span>\r\n            <\/div>\r\n\r\n        [\/vc_column][vc_column css_animation=&#8221;slideInUp&#8221; width=&#8221;1\/2&#8243; overflow=&#8221;default&#8221;]\r\n\r\n\r\n\r\n<div id=\"image-gallery-r2LcDkGCgA\" class=\"sh-image-gallery sh-image-gallery-dots-left sh-image-gallery-nozoom sh-image-gallery-container sh-image-gallery-dots1\"  data-autoplay=\"3000\" data-columns=\"1\">\r\n\t\t\t<div class=\"sh-image-gallery-item\">\r\n\t\t\t<div class=\"sh-gallery-item\">\r\n\t\t\t\t<div class=\"post-meta-thumb\">\r\n\r\n\t\t\t\t\t\t\t\t\t\t\t<img decoding=\"async\" src=\"https:\/\/gydziungnorbu.org.pl\/wp-content\/uploads\/2022\/10\/311981165_8179101398798489_3025255719315327716_n.jpg\" alt=\"311981165_8179101398798489_3025255719315327716_n\" \/>\r\n\t\t\t\t\t\r\n\t\t\t\t\t\t\t\t\t<\/div>\r\n\t\t\t<\/div>\r\n\t\t<\/div>\r\n\t\t\t<div class=\"sh-image-gallery-item\">\r\n\t\t\t<div class=\"sh-gallery-item\">\r\n\t\t\t\t<div class=\"post-meta-thumb\">\r\n\r\n\t\t\t\t\t\t\t\t\t\t\t<img decoding=\"async\" src=\"https:\/\/gydziungnorbu.org.pl\/wp-content\/uploads\/2022\/10\/312716546_469021251998023_1167636828325970_n.jpg\" alt=\"312716546_469021251998023_1167636828325970_n\" \/>\r\n\t\t\t\t\t\r\n\t\t\t\t\t\t\t\t\t<\/div>\r\n\t\t\t<\/div>\r\n\t\t<\/div>\r\n\t\t\t<div class=\"sh-image-gallery-item\">\r\n\t\t\t<div class=\"sh-gallery-item\">\r\n\t\t\t\t<div class=\"post-meta-thumb\">\r\n\r\n\t\t\t\t\t\t\t\t\t\t\t<img decoding=\"async\" src=\"https:\/\/gydziungnorbu.org.pl\/wp-content\/uploads\/2022\/10\/312753046_1142351913074585_664703347292634384_n-1-1.jpg\" alt=\"312753046_1142351913074585_664703347292634384_n (1)\" \/>\r\n\t\t\t\t\t\r\n\t\t\t\t\t\t\t\t\t<\/div>\r\n\t\t\t<\/div>\r\n\t\t<\/div>\r\n\t\t\t<div class=\"sh-image-gallery-item\">\r\n\t\t\t<div class=\"sh-gallery-item\">\r\n\t\t\t\t<div class=\"post-meta-thumb\">\r\n\r\n\t\t\t\t\t\t\t\t\t\t\t<img decoding=\"async\" src=\"https:\/\/gydziungnorbu.org.pl\/wp-content\/uploads\/2022\/10\/richard.jpg\" alt=\"richard\" \/>\r\n\t\t\t\t\t\r\n\t\t\t\t\t\t\t\t\t<\/div>\r\n\t\t\t<\/div>\r\n\t\t<\/div>\r\n\t<\/div>\r\n            <style type=\"text\/css\">\r\n                #image-gallery-r2LcDkGCgA .sh-gallery-item,#image-gallery-r2LcDkGCgA .slick-dots {margin: 0px 0px 0px 0px;}#image-gallery-r2LcDkGCgA .slick-list {margin: -0px -0px -0px -0px ;}            <\/style>\r\n        [\/vc_column][\/vc_row][vc_row full_width=&#8221;stretch_row_content_no_spaces&#8221; content_placement=&#8221;middle&#8221; overflow=&#8221;default&#8221; css=&#8221;.vc_custom_1570464062868{padding-top: 200px !important;}&#8221; padding_tablet=&#8221;80px 0px 0px 0px&#8221;][vc_column css_animation=&#8221;slideInDown&#8221; width=&#8221;1\/2&#8243; overflow=&#8221;default&#8221;]\r\n<div id=\"single-image-y67SNY9Vmi\" class=\"sh-single-image  \">\r\n\t<div class=\"sh-element-margin\">\r\n\r\n\t\t\r\n\t\t\t<div class=\"sh-single-image-container\">\r\n\t\t\t\t\r\n\t\t\t\t\t\t\t\t\t\t\t\t\t\t\t<a href=\"https:\/\/gydziungnorbu.org.pl\/wp-content\/uploads\/2022\/10\/127129372_4740003706041626_4966514567407443643_o.jpg\" rel=\"lightbox\">\r\n\t\t\t\t\t\r\n\t\t\t\t\t\t\t\t\t\t\t\t\t<img decoding=\"async\" class=\"sh-image-url\" src=\"https:\/\/gydziungnorbu.org.pl\/wp-content\/uploads\/2022\/10\/127129372_4740003706041626_4966514567407443643_o.jpg\" alt=\"127129372_4740003706041626_4966514567407443643_o\" \/>\r\n\t\t\t\t\t\t\t\t\t\t\t\t\t\r\n\t\t\t\t\t\t\t\t\t\t\t<\/a>\r\n\t\t\t\t\t\t\t\t\t\r\n\t\t\t\t\t\t\t<\/div>\r\n\r\n\t\t\r\n\t<\/div>\r\n<\/div>\r\n            <style type=\"text\/css\">\r\n                #single-image-y67SNY9Vmi {text-align: right;}            <\/style>\r\n        [\/vc_column][vc_column css_animation=&#8221;slideInUp&#8221; width=&#8221;1\/2&#8243; overflow=&#8221;default&#8221; max_width=&#8221;500px&#8221; padding_tablet=&#8221;30px 30px 30px 30px&#8221; css=&#8221;.vc_custom_1570622451115{padding-right: 50px !important;padding-left: 50px !important;}&#8221;]\r\n<div id=\"text-block-SHJTXjdYOw\" class=\"sh-text-block\">\r\n\t<\/p>\n<div class=\"x11i5rnm xat24cr x1mh8g0r x1vvkbs xtlvy1s\">\n<div dir=\"auto\">Pierwszych 8 wega\u0144skich posi\u0142k\u00f3w rozdali\u015bmy w 2011 r. na Dworcu Wschodnim w Warszawie. Teraz, dzi\u0119ki pomocy naszych przyjaci\u00f3\u0142, wolontariuszy, darczy\u0144c\u00f3w, gotujemy ok. 100 wega\u0144skich porcji dwa razy w tygodniu i rozdajemy je na ulicach Warszawy.<\/div>\n<\/div>\n<div class=\"x11i5rnm xat24cr x1mh8g0r x1vvkbs xtlvy1s\">\n<div dir=\"auto\">Poniewa\u017c nasze dzia\u0142ania skierowane s\u0105 do ludzi w kryzysie bezdomno\u015bci oraz tych najbiedniejszych z czasem rozszerzyli\u015bmy nasze dzia\u0142ania o zbi\u00f3rki kosmetyk\u00f3w, skarpet, bielizny, odzie\u017cy, telefon\u00f3w kom\u00f3rkowych, itp. na to, co aktualnie jest najpotrzebniejsze.<\/div>\n<\/div>\n<p><\/div>\r\n            <style type=\"text\/css\">\r\n                #text-block-SHJTXjdYOw {font-size: 18px;margin: 0px 0px 15px 0px;}#text-block-SHJTXjdYOw a:hover,#text-block-SHJTXjdYOw a:focus {color: #f62433;}#text-block-SHJTXjdYOw .drop-cap {font-weight: bold;font-size: 50px;display: block;float: left;margin: 8px 10px 0 0;}            <\/style>\r\n        \r\n                            <style media=\"screen\">\r\n                    @media (max-width: 1025px) {\r\n                        .sh-empty-space-Ob8VYaXgsk {\r\n                            height: 10px!important;\r\n                        }\r\n                    }\r\n                <\/style>\r\n            \r\n            <div class=\"sh-empty-space vc_empty_space sh-empty-space-Ob8VYaXgsk  \" style=\"height: 20px\">\r\n                <span class=\"vc_empty_space_inner\"><\/span>\r\n            <\/div>\r\n\r\n        \r\n\r\n\t<div class=\"sh-heading sh-heading-style1\" id=\"heading-Nc9kIvXbKe\">\r\n\t\t<h2 class=\"sh-heading-content size-custom\">\r\n\t\t\t\t\t<\/h2>\r\n\t<\/div>\r\n\r\n            <style type=\"text\/css\">\r\n                @media (max-width: 1024px) {#heading-Nc9kIvXbKe .sh-heading-content {font-size: 36px!important;}}#heading-Nc9kIvXbKe .sh-heading-content strong,#heading-Nc9kIvXbKe .sh-heading-additional-text strong {font-weight: 700!important;}#heading-Nc9kIvXbKe .sh-heading-content {font-size: 48px;line-height: 140%!important;font-weight: 700!important;}            <\/style>\r\n        \r\n                            <style media=\"screen\">\r\n                    @media (max-width: 1025px) {\r\n                        .sh-empty-space-KQqsUSZWy7 {\r\n                            height: 30px!important;\r\n                        }\r\n                    }\r\n                <\/style>\r\n            \r\n            <div class=\"sh-empty-space vc_empty_space sh-empty-space-KQqsUSZWy7  \" style=\"height: 60px\">\r\n                <span class=\"vc_empty_space_inner\"><\/span>\r\n            <\/div>\r\n\r\n        [\/vc_column][\/vc_row][vc_row][vc_column][vc_empty_space][\/vc_column][\/vc_row]<\/p>\n","protected":false},"excerpt":{"rendered":"<p>[vc_row full_width=&#8221;stretch_row_content_no_spaces&#8221; content_placement=&#8221;middle&#8221; column_order=&#8221;reversed&#8221; overflow=&#8221;default&#8221;][vc_column css_animation=&#8221;slideInDown&#8221; width=&#8221;1\/2&#8243; mobile_element_alignment=&#8221;center&#8221; overflow=&#8221;default&#8221; max_width=&#8221;500px&#8221; padding_tablet=&#8221;30px 30px 30px 30px&#8221; css=&#8221;.vc_custom_1570622599176{padding-right: 50px !important;padding-left: 50px !important;}&#8221;][\/vc_column][vc_column css_animation=&#8221;slideInUp&#8221; width=&#8221;1\/2&#8243; overflow=&#8221;default&#8221;][\/vc_column][\/vc_row][vc_row full_width=&#8221;stretch_row_content_no_spaces&#8221; content_placement=&#8221;middle&#8221; overflow=&#8221;default&#8221; css=&#8221;.vc_custom_1570464062868{padding-top: 200px !important;}&#8221; padding_tablet=&#8221;80px 0px 0px 0px&#8221;][vc_column css_animation=&#8221;slideInDown&#8221; width=&#8221;1\/2&#8243; overflow=&#8221;default&#8221;][\/vc_column][vc_column css_animation=&#8221;slideInUp&#8221; width=&#8221;1\/2&#8243; overflow=&#8221;default&#8221; max_width=&#8221;500px&#8221; padding_tablet=&#8221;30px 30px 30px 30px&#8221; css=&#8221;.vc_custom_1570622451115{padding-right: 50px&#8230;<\/p>\n","protected":false},"author":2,"featured_media":0,"parent":0,"menu_order":0,"comment_status":"closed","ping_status":"closed","template":"","meta":{"give_campaign_id":0,"footnotes":""},"class_list":["post-396","page","type-page","status-publish","hentry"],"campaignId":"","_links":{"self":[{"href":"https:\/\/gydziungnorbu.org.pl\/index.php\/wp-json\/wp\/v2\/pages\/396","targetHints":{"allow":["GET"]}}],"collection":[{"href":"https:\/\/gydziungnorbu.org.pl\/index.php\/wp-json\/wp\/v2\/pages"}],"about":[{"href":"https:\/\/gydziungnorbu.org.pl\/index.php\/wp-json\/wp\/v2\/types\/page"}],"author":[{"embeddable":true,"href":"https:\/\/gydziungnorbu.org.pl\/index.php\/wp-json\/wp\/v2\/users\/2"}],"replies":[{"embeddable":true,"href":"https:\/\/gydziungnorbu.org.pl\/index.php\/wp-json\/wp\/v2\/comments?post=396"}],"version-history":[{"count":16,"href":"https:\/\/gydziungnorbu.org.pl\/index.php\/wp-json\/wp\/v2\/pages\/396\/revisions"}],"predecessor-version":[{"id":2794,"href":"https:\/\/gydziungnorbu.org.pl\/index.php\/wp-json\/wp\/v2\/pages\/396\/revisions\/2794"}],"wp:attachment":[{"href":"https:\/\/gydziungnorbu.org.pl\/index.php\/wp-json\/wp\/v2\/media?parent=396"}],"curies":[{"name":"wp","href":"https:\/\/api.w.org\/{rel}","templated":true}]}}